{"id":173,"date":"2019-08-27T12:15:36","date_gmt":"2019-08-27T16:15:36","guid":{"rendered":"http:\/\/colegiobautista.org\/new\/?page_id=173"},"modified":"2019-08-27T16:26:13","modified_gmt":"2019-08-27T20:26:13","slug":"visit-our-church","status":"publish","type":"page","link":"https:\/\/colegiobautista.org\/new\/?page_id=173","title":{"rendered":"Visit our Church"},"content":{"rendered":"\n<p>Le invitamos nos visite a nuestra Iglesia<\/p>\n\n\n\n<p>Los Horarios:<br>Domingos<br>Escuela Dominical 10:00 AM<br>Servicio de Predicaci\u00f3n 11:00 AM<br>Servicio Evangelistico 7:00 PM<br>Mi\u00e9rcoles<br>Servicio de Oraci\u00f3n 7:30 PM<br><br>Pastor Daniel H. Cort\u00e9s<br>787-261-1818<br><a href=\"https:\/\/drive.google.com\/drive\/folders\/0B0Rub_p64RiiRGNkcUJPQWVkUFE\">Predicaciones del Pastor Daniel Cort\u00e9s<\/a><br><a href=\"https:\/\/drive.google.com\/drive\/folders\/0B0Rub_p64RiiNElhbmlvWU5lOVk\">Predicaciones del Pastor Hern\u00e1n Cort\u00e9s fundador<\/a><br><\/p>\n\n\n\n<p><\/p>\n","protected":false},"excerpt":{"rendered":"<p>Le invitamos nos visite a nuestra Iglesia Los Horarios:DomingosEscuela Dominical 10:00 AMServicio de Predicaci\u00f3n 11:00 AMServicio Evangelistico 7:00 PMMi\u00e9rcolesServicio de Oraci\u00f3n 7:30 PM Pastor Daniel H. Cort\u00e9s787-261-1818Predicaciones del Pastor Daniel Cort\u00e9sPredicaciones del Pastor Hern\u00e1n Cort\u00e9s fundador<\/p>\n","protected":false},"author":1,"featured_media":0,"parent":0,"menu_order":0,"comment_status":"closed","ping_status":"closed","template":"","meta":{"footnotes":""},"class_list":["post-173","page","type-page","status-publish","hentry"],"_links":{"self":[{"href":"https:\/\/colegiobautista.org\/new\/index.php?rest_route=\/wp\/v2\/pages\/173","targetHints":{"allow":["GET"]}}],"collection":[{"href":"https:\/\/colegiobautista.org\/new\/index.php?rest_route=\/wp\/v2\/pages"}],"about":[{"href":"https:\/\/colegiobautista.org\/new\/index.php?rest_route=\/wp\/v2\/types\/page"}],"author":[{"embeddable":true,"href":"https:\/\/colegiobautista.org\/new\/index.php?rest_route=\/wp\/v2\/users\/1"}],"replies":[{"embeddable":true,"href":"https:\/\/colegiobautista.org\/new\/index.php?rest_route=%2Fwp%2Fv2%2Fcomments&post=173"}],"version-history":[{"count":6,"href":"https:\/\/colegiobautista.org\/new\/index.php?rest_route=\/wp\/v2\/pages\/173\/revisions"}],"predecessor-version":[{"id":192,"href":"https:\/\/colegiobautista.org\/new\/index.php?rest_route=\/wp\/v2\/pages\/173\/revisions\/192"}],"wp:attachment":[{"href":"https:\/\/colegiobautista.org\/new\/index.php?rest_route=%2Fwp%2Fv2%2Fmedia&parent=173"}],"curies":[{"name":"wp","href":"https:\/\/api.w.org\/{rel}","templated":true}]}}