{"id":848,"date":"2020-06-08T16:17:33","date_gmt":"2020-06-08T20:17:33","guid":{"rendered":"https:\/\/colegiobautista.org\/?page_id=848"},"modified":"2025-05-14T20:31:13","modified_gmt":"2025-05-15T00:31:13","slug":"list-of-books-materials-and-uniforms","status":"publish","type":"page","link":"https:\/\/colegiobautista.org\/?page_id=848","title":{"rendered":"List of Books, Materials and Uniforms"},"content":{"rendered":"\n<h2 class=\"wp-block-heading\"><a href=\"https:\/\/colegiobautista.org\/wp-content\/uploads\/2025\/05\/CBL-Lista-de-Libros-2025-26.pdf\"><strong>Lista de Libros<\/strong> <strong>2025-26<\/strong><\/a><\/h2>\n\n\n\n<figure class=\"wp-block-image size-large\"><a href=\"https:\/\/colegiobautista.org\/wp-content\/uploads\/2025\/05\/CBL-Lista-de-Libros-2025-26.pdf\"><img loading=\"lazy\" decoding=\"async\" width=\"200\" height=\"200\" src=\"https:\/\/colegiobautista.org\/wp-content\/uploads\/2020\/01\/Books.jpg\" alt=\"\" class=\"wp-image-283\" srcset=\"https:\/\/colegiobautista.org\/wp-content\/uploads\/2020\/01\/Books.jpg 200w, https:\/\/colegiobautista.org\/wp-content\/uploads\/2020\/01\/Books-150x150.jpg 150w, https:\/\/colegiobautista.org\/wp-content\/uploads\/2020\/01\/Books-100x100.jpg 100w\" sizes=\"auto, (max-width: 200px) 100vw, 200px\" \/><\/a><\/figure>\n\n\n\n<p>Reglamento de DACO Y Contrato en la Oficina del Colegio<\/p>\n\n\n\n<h2 class=\"wp-block-heading\"><strong><a href=\"https:\/\/colegiobautista.org\/wp-content\/uploads\/2025\/05\/Lista-de-Materiales-2025-26-1.pdf\">Lista de Materiales para el A\u00f1o Escolar 2025-26<\/a><\/strong><\/h2>\n\n\n\n<figure class=\"wp-block-image size-large is-resized\"><a href=\"https:\/\/colegiobautista.org\/wp-content\/uploads\/2025\/05\/Lista-de-Materiales-2025-26-1.pdf\"><img loading=\"lazy\" decoding=\"async\" width=\"819\" height=\"1024\" src=\"https:\/\/colegiobautista.org\/wp-content\/uploads\/2020\/06\/Materials1-819x1024.jpg\" alt=\"\" class=\"wp-image-861\" style=\"width:173px;height:216px\" srcset=\"https:\/\/colegiobautista.org\/wp-content\/uploads\/2020\/06\/Materials1-819x1024.jpg 819w, https:\/\/colegiobautista.org\/wp-content\/uploads\/2020\/06\/Materials1-240x300.jpg 240w, https:\/\/colegiobautista.org\/wp-content\/uploads\/2020\/06\/Materials1-768x960.jpg 768w, https:\/\/colegiobautista.org\/wp-content\/uploads\/2020\/06\/Materials1-1229x1536.jpg 1229w, https:\/\/colegiobautista.org\/wp-content\/uploads\/2020\/06\/Materials1.jpg 1440w\" sizes=\"auto, (max-width: 706px) 89vw, (max-width: 767px) 82vw, 740px\" \/><\/a><\/figure>\n\n\n\n<h2 class=\"wp-block-heading\"><strong><a href=\"https:\/\/colegiobautista.org\/wp-content\/uploads\/2025\/05\/LISTAPRECIOS_25-26-BAUTISTA-1.pdf\">Lista de Uniformes para el A\u00f1o Escolar 2025-26<\/a><\/strong><\/h2>\n\n\n\n<figure class=\"wp-block-image size-large is-resized\"><a href=\"https:\/\/colegiobautista.org\/wp-content\/uploads\/2025\/05\/LISTAPRECIOS_25-26-BAUTISTA-1.pdf\"><img loading=\"lazy\" decoding=\"async\" width=\"1024\" height=\"683\" src=\"https:\/\/colegiobautista.org\/wp-content\/uploads\/2020\/07\/IMG_0860-1024x683.jpg\" alt=\"\" class=\"wp-image-973\" style=\"width:555px;height:370px\" srcset=\"https:\/\/colegiobautista.org\/wp-content\/uploads\/2020\/07\/IMG_0860-1024x683.jpg 1024w, https:\/\/colegiobautista.org\/wp-content\/uploads\/2020\/07\/IMG_0860-300x200.jpg 300w, https:\/\/colegiobautista.org\/wp-content\/uploads\/2020\/07\/IMG_0860-768x512.jpg 768w, https:\/\/colegiobautista.org\/wp-content\/uploads\/2020\/07\/IMG_0860.jpg 1500w\" sizes=\"auto, (max-width: 706px) 89vw, (max-width: 767px) 82vw, 740px\" \/><\/a><\/figure>\n\n\n\n<h2 class=\"wp-block-heading\"><strong><a href=\"https:\/\/www.google.com\/maps\/place\/Olimac+Uniforms\/@18.382182,-66.140429,16z\/data=!4m5!3m4!1s0x0:0xd0d97392b65f10c4!8m2!3d18.382278!4d-66.1400484?hl=en\">Informaci\u00f3n de Google Maps y Contacto de Olimac<\/a><\/strong><\/h2>\n\n\n\n<figure class=\"wp-block-image size-large is-resized\"><img loading=\"lazy\" decoding=\"async\" width=\"598\" height=\"1024\" src=\"https:\/\/colegiobautista.org\/wp-content\/uploads\/2020\/07\/mapa-UAMAPA.jpg-598x1024.jpg\" alt=\"\" class=\"wp-image-967\" style=\"width:503px;height:861px\" srcset=\"https:\/\/colegiobautista.org\/wp-content\/uploads\/2020\/07\/mapa-UAMAPA.jpg-598x1024.jpg 598w, https:\/\/colegiobautista.org\/wp-content\/uploads\/2020\/07\/mapa-UAMAPA.jpg-175x300.jpg 175w, https:\/\/colegiobautista.org\/wp-content\/uploads\/2020\/07\/mapa-UAMAPA.jpg-768x1316.jpg 768w, https:\/\/colegiobautista.org\/wp-content\/uploads\/2020\/07\/mapa-UAMAPA.jpg-896x1536.jpg 896w, https:\/\/colegiobautista.org\/wp-content\/uploads\/2020\/07\/mapa-UAMAPA.jpg-1195x2048.jpg 1195w, https:\/\/colegiobautista.org\/wp-content\/uploads\/2020\/07\/mapa-UAMAPA.jpg-scaled.jpg 1494w\" sizes=\"auto, (max-width: 598px) 100vw, 598px\" \/><\/figure>\n","protected":false},"excerpt":{"rendered":"<p>Lista de Libros 2025-26 Reglamento de DACO Y Contrato en la Oficina del Colegio Lista de Materiales para el A\u00f1o Escolar 2025-26 Lista de Uniformes para el A\u00f1o Escolar 2025-26 Informaci\u00f3n de Google Maps y Contacto de Olimac<\/p>\n","protected":false},"author":1,"featured_media":0,"parent":0,"menu_order":0,"comment_status":"closed","ping_status":"closed","template":"","meta":{"footnotes":""},"class_list":["post-848","page","type-page","status-publish","hentry"],"_links":{"self":[{"href":"https:\/\/colegiobautista.org\/index.php?rest_route=\/wp\/v2\/pages\/848","targetHints":{"allow":["GET"]}}],"collection":[{"href":"https:\/\/colegiobautista.org\/index.php?rest_route=\/wp\/v2\/pages"}],"about":[{"href":"https:\/\/colegiobautista.org\/index.php?rest_route=\/wp\/v2\/types\/page"}],"author":[{"embeddable":true,"href":"https:\/\/colegiobautista.org\/index.php?rest_route=\/wp\/v2\/users\/1"}],"replies":[{"embeddable":true,"href":"https:\/\/colegiobautista.org\/index.php?rest_route=%2Fwp%2Fv2%2Fcomments&post=848"}],"version-history":[{"count":49,"href":"https:\/\/colegiobautista.org\/index.php?rest_route=\/wp\/v2\/pages\/848\/revisions"}],"predecessor-version":[{"id":2890,"href":"https:\/\/colegiobautista.org\/index.php?rest_route=\/wp\/v2\/pages\/848\/revisions\/2890"}],"wp:attachment":[{"href":"https:\/\/colegiobautista.org\/index.php?rest_route=%2Fwp%2Fv2%2Fmedia&parent=848"}],"curies":[{"name":"wp","href":"https:\/\/api.w.org\/{rel}","templated":true}]}}