{"id":1082,"date":"2020-10-04T19:39:02","date_gmt":"2020-10-04T23:39:02","guid":{"rendered":"https:\/\/colegiobautista.org\/?page_id=1082"},"modified":"2025-06-23T11:07:58","modified_gmt":"2025-06-23T15:07:58","slug":"church-iglesia","status":"publish","type":"page","link":"https:\/\/colegiobautista.org\/?page_id=1082","title":{"rendered":"Church \/ Iglesia"},"content":{"rendered":"\n<p class=\"has-vivid-cyan-blue-color has-text-color has-link-color wp-elements-41e8fff15f67b36003c4c8cacc59fdc9\"><a href=\"https:\/\/forms.gle\/qLeR3gLXYg5SgmWm8\">Anotar a un ni\u00f1o para la Escuela B\u00edblica de Verano 2025<\/a><\/p>\n\n\n\n<figure class=\"wp-block-image size-large\"><a href=\"https:\/\/forms.gle\/qLeR3gLXYg5SgmWm8\"><img loading=\"lazy\" decoding=\"async\" width=\"791\" height=\"1024\" src=\"https:\/\/colegiobautista.org\/wp-content\/uploads\/2025\/06\/16319-791x1024.jpg\" alt=\"\" class=\"wp-image-2959\" srcset=\"https:\/\/colegiobautista.org\/wp-content\/uploads\/2025\/06\/16319-791x1024.jpg 791w, https:\/\/colegiobautista.org\/wp-content\/uploads\/2025\/06\/16319-232x300.jpg 232w, https:\/\/colegiobautista.org\/wp-content\/uploads\/2025\/06\/16319-768x994.jpg 768w, https:\/\/colegiobautista.org\/wp-content\/uploads\/2025\/06\/16319-1187x1536.jpg 1187w, https:\/\/colegiobautista.org\/wp-content\/uploads\/2025\/06\/16319.jpg 1216w\" sizes=\"auto, (max-width: 706px) 89vw, (max-width: 767px) 82vw, 740px\" \/><\/a><\/figure>\n\n\n\n<h1 class=\"wp-block-heading\"><a href=\"https:\/\/colegiobautista.org\/?page_id=2967\"><strong>Transportaci\u00f3n EBV<\/strong><\/a><\/h1>\n\n\n\n<h1 class=\"wp-block-heading\"><strong>Primera Iglesia Bautista de Levittown<\/strong><\/h1>\n\n\n\n<p>\u201cLa Iglesia Amigable\u201d<\/p>\n\n\n\n<p>Servicios: <\/p>\n\n\n\n<p><strong>Domingo<\/strong> <\/p>\n\n\n\n<p>Servicio de Predicaci\u00f3n 11:00 AM<\/p>\n\n\n\n<p>Servicio Evangelistico 7:00 PM <\/p>\n\n\n\n<p><strong>Mi\u00e9rcoles<\/strong><\/p>\n\n\n\n<p>Servicio de Oraci\u00f3n 7:00 PM<\/p>\n\n\n\n<p><a href=\"https:\/\/www.facebook.com\/primeraiglesiabautistadelevittownpr\/videos\/777406192834773\/?vh=e&amp;extid=0&amp;d=n\">SERVICIO EN VIVO<\/a><\/p>\n\n\n\n<figure class=\"wp-block-image size-large\"><a href=\"https:\/\/www.facebook.com\/primeraiglesiabautistadelevittownpr\/videos\/777406192834773\/?vh=e&amp;extid=0&amp;d=n\"><img loading=\"lazy\" decoding=\"async\" width=\"1024\" height=\"758\" src=\"https:\/\/colegiobautista.org\/wp-content\/uploads\/2020\/10\/E40CFBDD-20D3-4A27-87C9-4AACAFDF9089-1024x758.jpeg\" alt=\"\" class=\"wp-image-1089\" srcset=\"https:\/\/colegiobautista.org\/wp-content\/uploads\/2020\/10\/E40CFBDD-20D3-4A27-87C9-4AACAFDF9089-1024x758.jpeg 1024w, https:\/\/colegiobautista.org\/wp-content\/uploads\/2020\/10\/E40CFBDD-20D3-4A27-87C9-4AACAFDF9089-300x222.jpeg 300w, https:\/\/colegiobautista.org\/wp-content\/uploads\/2020\/10\/E40CFBDD-20D3-4A27-87C9-4AACAFDF9089-768x568.jpeg 768w, https:\/\/colegiobautista.org\/wp-content\/uploads\/2020\/10\/E40CFBDD-20D3-4A27-87C9-4AACAFDF9089.jpeg 1176w\" sizes=\"auto, (max-width: 706px) 89vw, (max-width: 767px) 82vw, 740px\" \/><\/a><\/figure>\n\n\n\n<p>Tel. 787-261-1818<\/p>\n\n\n\n<figure class=\"wp-block-image size-large\"><img loading=\"lazy\" decoding=\"async\" width=\"651\" height=\"647\" src=\"https:\/\/colegiobautista.org\/wp-content\/uploads\/2021\/05\/Johnny.jpg\" alt=\"\" class=\"wp-image-1280\" srcset=\"https:\/\/colegiobautista.org\/wp-content\/uploads\/2021\/05\/Johnny.jpg 651w, https:\/\/colegiobautista.org\/wp-content\/uploads\/2021\/05\/Johnny-300x298.jpg 300w, https:\/\/colegiobautista.org\/wp-content\/uploads\/2021\/05\/Johnny-150x150.jpg 150w, https:\/\/colegiobautista.org\/wp-content\/uploads\/2021\/05\/Johnny-100x100.jpg 100w\" sizes=\"auto, (max-width: 651px) 100vw, 651px\" \/><\/figure>\n\n\n\n<p><a href=\"http:\/\/colegiobautista.org\/wp-login.php?\">Login<\/a><\/p>\n","protected":false},"excerpt":{"rendered":"<p>Anotar a un ni\u00f1o para la Escuela B\u00edblica de Verano 2025 Transportaci\u00f3n EBV Primera Iglesia Bautista de Levittown \u201cLa Iglesia Amigable\u201d Servicios: Domingo Servicio de Predicaci\u00f3n 11:00 AM Servicio Evangelistico 7:00 PM Mi\u00e9rcoles Servicio de Oraci\u00f3n 7:00 PM SERVICIO EN VIVO Tel. 787-261-1818 Login<\/p>\n","protected":false},"author":1,"featured_media":0,"parent":0,"menu_order":0,"comment_status":"closed","ping_status":"closed","template":"","meta":{"footnotes":""},"class_list":["post-1082","page","type-page","status-publish","hentry"],"_links":{"self":[{"href":"https:\/\/colegiobautista.org\/index.php?rest_route=\/wp\/v2\/pages\/1082","targetHints":{"allow":["GET"]}}],"collection":[{"href":"https:\/\/colegiobautista.org\/index.php?rest_route=\/wp\/v2\/pages"}],"about":[{"href":"https:\/\/colegiobautista.org\/index.php?rest_route=\/wp\/v2\/types\/page"}],"author":[{"embeddable":true,"href":"https:\/\/colegiobautista.org\/index.php?rest_route=\/wp\/v2\/users\/1"}],"replies":[{"embeddable":true,"href":"https:\/\/colegiobautista.org\/index.php?rest_route=%2Fwp%2Fv2%2Fcomments&post=1082"}],"version-history":[{"count":13,"href":"https:\/\/colegiobautista.org\/index.php?rest_route=\/wp\/v2\/pages\/1082\/revisions"}],"predecessor-version":[{"id":2975,"href":"https:\/\/colegiobautista.org\/index.php?rest_route=\/wp\/v2\/pages\/1082\/revisions\/2975"}],"wp:attachment":[{"href":"https:\/\/colegiobautista.org\/index.php?rest_route=%2Fwp%2Fv2%2Fmedia&parent=1082"}],"curies":[{"name":"wp","href":"https:\/\/api.w.org\/{rel}","templated":true}]}}